r of 110 and v.
22
Let x = 7 + -4. Suppose 0 = x*b + a - 5, 2*a = -4*b - 2*a - 4. Suppose 111 = b*l - 21. What is the highest common divisor of 11 and l?
11
Let t(y) = y**2 + 11. Let v be t(11). What is the highest common factor of v and 12?
12
Let z = 22 + -9. Calculate the highest common divisor of 39 and z.
13
Suppose 0 = 2*g - 10, 2*g = -3*h - 5 + 18. Let u be h - (0 + -6 - 1). Let t be ((-1)/(-2))/(4/448). Calculate the greatest common factor of u and t.
8
Let c be -1*20*-1 + 3. Let x = -18 + c. Let b(n) = -28*n - 1. Let u be b(-2). What is the highest common divisor of u and x?
5
Let x = 216 - 183. What is the highest common divisor of x and 165?
33
Let n be (-160 + 4)/(-4) + 3. Let z = n + -20. Calculate the greatest common divisor of 66 and z.
22
Suppose -1 + 3 = -2*o. Let c(a) = -23*a - 1. Let d be c(o). What is the greatest common divisor of d and 55?
11
Let s be 1/(-2*3/18). Let v(k) = -18*k - 4. Let t be v(s). What is the highest common divisor of 75 and t?
25
Let o = 89 + -26. Calculate the greatest common factor of o and 7.
7
Suppose 4*o = n + 36, -4*o + 0*o = 5*n - 12. Calculate the highest common divisor of 4 and o.
4
Suppose q + 3*k - 71 = 0, 2*q - 7*q + 255 = -5*k. Calculate the highest common factor of 8 and q.
8
Let o be ((-36)/16)/((-1)/4). What is the greatest common factor of 3 and o?
3
Let f = 166 - 106. What is the greatest common divisor of 36 and f?
12
Suppose -6*k + 12 = -2*k. Suppose -f + 2 = -k*f. Let s be (-25 + 3)*f - 2. What is the highest common divisor of 5 and s?
5
Suppose 0 = -5*r + 3*r + 8. Suppose 0 = r*i - 56 - 120. Suppose 3*s - 14 + 2 = 0. What is the greatest common divisor of i and s?
4
Let q(w) = 33*w - 12. Let z be q(5). Calculate the highest common divisor of 17 and z.
17
Suppose -2*z + z + 109 = -5*o, 4*z - o - 398 = 0. Suppose 0 = 13*l - 8*l - 55. Calculate the highest common divisor of l and z.
11
Suppose 16*u - 85 = 459. What is the highest common divisor of u and 85?
17
Let z be 24/((-3)/(-3))*-1. Let q be (z/32)/(1/(-32)). Suppose -2*a - 2*p + 18 = 0, 2*a + 3*p = -2*p + 21. What is the highest common factor of q and a?
8
Let o be -39*2/6*-2. Let n(x) = 12*x**2 + 3*x + 4. Let v be n(-1). What is the greatest common divisor of o and v?
13
Let k = -14 + 20. Suppose 46 + k = 4*d. Calculate the greatest common factor of 39 and d.
13
Let f be (-1)/(-2)*6 - 7. Let m be -26*(10/f + 2). What is the greatest common factor of m and 117?
13
Suppose c - 21 = 13. Calculate the greatest common factor of c and 51.
17
Let s(p) = 3*p**2 + 10*p. Let r be s(3). Calculate the greatest common factor of 171 and r.
57
Let c(j) = -j**2 + 8*j - 5. Let k be c(7). Suppose 2 = 4*v - 6*v. Let r = v + k. What is the greatest common divisor of r and 1?
1
Let h be (-30)/(1*(0 - 1)) - 2. What is the highest common divisor of 28 and h?
28
Let k(q) = 15*q - 1. Let a be k(-3). Let l = 65 + a. Calculate the highest common divisor of l and 57.
19
Let p = -7 + 9. Suppose p = 6*z - 4*z. Calculate the greatest common divisor of z and 11.
1
Suppose -z + 22 = -4*u, 2*u = -3*u - 5*z - 15. Let m(h) = -3*h + 6 + h - h**2 - 2*h. Let l be m(u). What is the highest common factor of 1 and l?
1
Let i = 4 + 5. What is the greatest common factor of i and 9?
9
Let y = 58 - 37. Calculate the greatest common factor of 21 and y.
21
Let q = 25 - 23. Calculate the greatest common factor of 10 and q.
2
Let c = -6 + 8. Let f = c + 0. Suppose t = -4*d - 0*d + 24, 0 = 3*t + f*d - 62. Calculate the greatest common divisor of t and 180.
20
Let h(d) = -d**3 + d**2 + 6. Suppose 0 = -0*s - 5*s. Let q be h(s). Suppose 4 = 2*v, 2*r = 3*v - 2*v + 46. What is the greatest common divisor of r and q?
6
Let v = 38 + -30. Let w = 124 + -60. What is the highest common factor of w and v?
8
Let d be (-1)/((0 - 0) + -1). Suppose -z + d = -2. Let b be z/15 - 424/(-5). Calculate the highest common factor of 34 and b.
17
Suppose 2*o - 7 = 5. Suppose -l - 77 = -2*b, 11 = b - l + o*l. What is the greatest common divisor of b and 9?
9
Suppose -4*x + 2*i - 5*i = -43, 3*i + 6 = 3*x. What is the highest common factor of x and 1?
1
Let k(y) = -19*y - 2. Let z be k(-2). Calculate the highest common divisor of z and 24.
12
Suppose -90 = -3*u - 0*h + 3*h, -4*u = -h - 135. What is the greatest common factor of u and 5?
5
Let b be (2/5)/(1/30). Let j(m) = 20*m**3 - 3*m - 3. Let x be j(3). Suppose -3*u + x = u. Calculate the highest common divisor of b and u.
12
Let j(l) = -4*l**3 + 4*l**2 + 20*l + 3. Let x be j(-3). Calculate the highest common factor of 116 and x.
29
Suppose 8*s + 3*i = 5*s + 45, 3*s + 2*i = 43. Let q be (2/12*-2)/(2/(-78)). What is the highest common divisor of q and s?
13
Let b be 7 + (-20)/(-5 - -9). Calculate the greatest common divisor of 2 and b.
2
Let h be (-5)/(5/2) - -12. Let g be (-1564)/(-26) + (-20)/130. Calculate the greatest common factor of g and h.
10
Suppose -58 = -5*u + 2*u - 5*f, 120 = 4*u - 4*f. Calculate the highest common divisor of 286 and u.
26
Suppose -3*y - 2*a + 19 = 0, 4*y - 5*a + 8 = -a. Let o be ((-2)/(-2))/(1/6). What is the highest common factor of y and o?
3
Let s be (-1)/((-4)/80*1). Suppose 2*v = -4*x + 240, -6*v = 2*x - 3*v - 120. What is the greatest common factor of x and s?
20
Let j = -85 + 155. Suppose -105 = -3*m - 21. What is the greatest common factor of j and m?
14
Let r(j) = j**3 + 7*j**2 + 6*j + 8. Let d be r(-6). Calculate the greatest common divisor of 1 and d.
1
Suppose -4*w + 0*w + 58 = 3*p, -3*w + 47 = 4*p. What is the highest common divisor of 13 and w?
13
Let g(n) = -n. Let y be g(0). Suppose y*o + o - 7 = 4*t, 3*o - 2*t - 41 = 0. Let x = 47 - o. Calculate the highest common divisor of 4 and x.
4
Let c(x) = 3*x + 1. Let r be c(1). Let g be 2 - 2*(-2)/4. Suppose -g*v - i = -39, 0*i + 2*i - 30 = -2*v. What is the greatest common divisor of v and r?
4
Let a = -53 + 99. What is the highest common divisor of a and 23?
23
Let f = -13 + 29. Calculate the greatest common divisor of 80 and f.
16
Let b be 28/13 + (-4)/26. Suppose -b*y + 0*y + 6 = 0. Suppose o + 0*o = y. What is the greatest common factor of 2 and o?
1
Let t(u) = 2*u + 24. Let p be t(10). Calculate the greatest common divisor of p and 4.
4
Let y be (-4)/(-1) + -1 - 0. Suppose -3*u + 48 = -3*n, 0 = 4*u + 3*n - 75 - y. Calculate the greatest common divisor of u and 126.
18
Let g = 83 - -7. Let l(q) = 5*q - 7. Let c be l(5). Calculate the highest common divisor of g and c.
18
Let z(f) = -4*f + 1. Let h be z(-5). Suppose -l + 126 = h. What is the greatest common factor of l and 42?
21
Let o(i) = -i**2 + 10*i - 13. Let p be o(4). Calculate the greatest common factor of p and 121.
11
Suppose 0 = -4*i - 2*k + 206, k = -5*i + 250 + 15. What is the greatest common divisor of i and 6?
6
Let m(d) = d**3 + 8*d**2 - 8*d - 17. Let v be m(-8). What is the highest common divisor of 94 and v?
47
Suppose -3*l + 15 = -5*r - 8*l, 4*l + 30 = 5*r. Let b = 6 - -1. Let j = b + -2. Calculate the greatest common divisor of j and r.
1
Let r = -36 + 96. Let f(v) = v**3 - 7*v**2 + 3*v - 6. Let b be 1 - -1 - -6 - 1. Let m be f(b). Calculate the greatest common factor of r and m.
15
Suppose -3*l + l = -264. Suppose 5*x - 2*o - 3*o = -120, 4*x + 98 = 5*o. Let w = x + 34. What is the greatest common factor of w and l?
12
Suppose 10 = -5*n, -3*n + 20 = -5*f - 8*n. Let y be 2/(f/(-11)) + -1. Calculate the highest common factor of y and 50.
10
Let z(l) = -l**3 - 10*l**2 + 9*l - 4. Let p be z(-11). Calculate the highest common factor of p and 54.
18
Let h(g) = -3*g + 2. Let o be h(-6). Let m be (-604)/(-10) + (-8)/o. What is the greatest common divisor of m and 15?
15
Suppose 2*k - 42 - 6 = 0. What is the highest common factor of k and 3?
3
Let j = 8 + 62. Suppose -64 = -6*r + 20. What is the greatest common divisor of r and j?
14
Let v(s) = -s + 2. Let w be v(0). Suppose w*y = 4 + 56. Suppose 5*j - 175 = -4*u, -2*j - 3*j - 95 = -2*u. What is the highest common factor of y and u?
15
Suppose -4*r = 4*u - 128, -132 = -5*r + u + 52. Suppose r = 3*f + f. Let o = 26 - 8. Calculate the highest common divisor of f and o.
9
Let q be 2/(-7) - (-290)/35. Let r = q + 8. What is the highest common factor of 112 and r?
16
Let u = -21 - -24. Suppose 4*f + 0*g + 5*g - 16 = 0, -4*f = u*g - 24. What is the g